= 2419 - 2408. Calculate a(c).
-4
Let d(l) = -1008 + 505 - 4*l + 507 + 2*l. Let a(u) = u**3 + u**2 - 1. Let n be a(0). Let x be 5/(-3)*n*3. Give d(x).
-6
Let x(p) be the first derivative of 2 - 1/2*p**2 - 10*p. Let l(b) = 9*b + 197. Let i be l(-23). What is x(i)?
0
Let z(v) = -v**3 + 62*v**2 - 962*v + 67. Let w be z(32). Let d(y) be the first derivative of -21 + 2*y - 7/2*y**2 + 1/3*y**w. Calculate d(6).
-4
Let n = 19 + -28. Let t(a) be the second derivative of -a**3/6 + 3*a**2/2 + 119*a. Give t(n).
12
Let a(v) be the third derivative of v**5/60 + v**4/8 - 91*v**2 - 15. Let f(n) = -n**2 + 6*n - 7. Let b be f(6). Give a(b).
28
Let g(b) = b**2 - 4*b + 1. Suppose m = -4*m - 15, 0 = -5*o + m + 78. Suppose -5*w + s - 12 = 0, 4*w + 2*s = s - o. Determine g(w).
22
Let d(y) = 9*y - 2. Let f = 64 + -64. Suppose f = 9*a - 13*a + 44. Suppose -23 = -a*r - 1. Determine d(r).
16
Let k(t) = 3*t**2 - 17 + 6*t**2 + 12*t - 24*t**2 + 13*t**2 + 3*t**2. Let a(z) = z**2 - 8*z + 2. Let p be a(4). Determine k(p).
11
Let u(l) = 4*l**2 - l - 8. Let w(v) = 2*v**2 - 4. Let j be (0 + -3)/((-88)/20 - -5). Let p(n) = j*w(n) + 2*u(n). Determine p(-3).
-8
Let j = 245 - 243. Let t(p) = 1 - p - 2 - 36*p**2 + 15*p**2 + 20*p**j. Give t(2).
-7
Let d = 9640 + -9651. Let n(i) = 2*i**2 + 22*i - 2. What is n(d)?
-2
Let f(a) be the first derivative of 2*a**3/3 - 65*a**2/2 - 171*a - 4566. What is f(35)?
4
Let a(w) be the second derivative of 2*w**2 - 4*w**2 + 26*w + w**3 + 25*w - 21*w. What is a(-2)?
-16
Let k(p) = -p**3 + 5*p**2 + 2*p + 2. Suppose -3*v = -3*h + 141, -v - 179 = 3*v - h. Let o = 44 + -83. Let i = o - v. Calculate k(i).
12
Let o be (-4)/(-8) - (-6)/4. Let h(l) = l - o*l**2 + 7 + 4*l**2 - 3*l**2 - l**2 + l**2. Give h(5).
-13
Let q(x) = -6*x - 98. Let s(z) = -4*z - 64. Let b(a) = -4*a - 124. Let i be b(-33). Let j(d) = i*s(d) - 5*q(d). What is j(-11)?
0
Let h(v) = 2*v**3 + 192*v**2 + 189*v - 106. Let y be h(-95). Let m(f) = -f**3 - 12*f**2 - 10*f - 8. Determine m(y).
-19
Let i(k) = -15*k**3 + 75*k**2 + k - 8. Let t be i(5). Let w(j) = 2*j + 7. Determine w(t).
1
Let j be ((-5168)/(-160) - 32)/(4/(-480)*-4). Let l(d) be the first derivative of -d**2 + 18*d - 1. Calculate l(j).
0
Let o(w) = -25*w - 95. Let u(k) = 179*k + 681. Let a(v) = 43*o(v) + 6*u(v). Let i be (-40)/(-7) + (-2)/(-7). Determine a(i).
-5
Let n be (20/(-2) - -2)/((-8)/60). Suppose 2*l + n - 56 = 0. Let v(q) = -q**2 + 2. Calculate v(l).
-2
Let c(g) be the third derivative of g**6/120 + g**5/60 - g**4/8 - g**3/3 + 2*g**2 + 11*g. Suppose -23*m = -18*m - 30. Let k = 3 - m. What is c(k)?
-11
Let s(b) = -4*b. Let l(o) = -41*o + 7. Let d(z) = -l(z) + 10*s(z). What is d(18)?
11
Let i be 4/(-2 + (-42)/(-18)). Let u(t) = -4*t**2 + i*t**3 - 8*t**3 - 3*t**3 + 3. Determine u(4).
3
Let p(q) = -q**2 - 51*q**2 + 3*q + 53*q**2 + 35 - 36*q - 2*q. Give p(34).
1
Let r(i) = i**3 - 5*i**2 + 7*i - 8. Suppose -6 = 5*o - 21. Give r(o).
-5
Let v(k) = -k + 12. Let s be 26 + -26 + -5 + (6 - -1). Let y(q) = -6*q + 1. Let x be y(-4). Suppose 2*u = 5*a - s*u - x, 2*a - 10 = -5*u. Determine v(a).
7
Suppose 32 = 4*c, -5 = 2*i - 4*c + 13. Let p(j) = 3*j - 21. Give p(i).
0
Let w(k) = k**3 + 17*k**2 + 17*k + 11. Let n = -2745 + 2729. Calculate w(n).
-5
Let m = 18525 + -18530. Let j(i) = -2*i**2 - 5*i - 3. Calculate j(m).
-28
Let a(x) = -2*x**3 + 15*x**2 - 7*x + 4. Let p be a(7). Let q(c) = -c**3 + 9*c**2 - 15*c + 5. Calculate q(p).
25
Let y(a) = 2*a**3 - 12*a**2 - 2*a + 17. Suppose -420 = -86*o + 16*o. Calculate y(o).
5
Let o = 205 - 202. Let s(t) = -53 + 79 - 26 + 3*t - 2*t**3 + 3*t**2. Determine s(o).
-18
Let z(y) = 2*y**3 - 10*y**2 + 21*y - 48. Let t be z(4). Let b(h) = -23*h + 68. Determine b(t).
-24
Let f(b) = -17*b + 141. Let t be f(8). Suppose -3*w + 8 = t*s, -5*s - 4*w + 6 = -3*s. Let j(y) = -19*y - 1. Give j(s).
-20
Let f be ((-160)/50 + 4)/(9/((-900)/8)). Let y(r) = -r**2 - 10*r - 9. Give y(f).
-9
Let n = -3 - -130. Suppose -2*u + 5*k - 48 = 24, 2*k + n = -3*u. Let q = u + 44. Let c(b) = -b**3 + 2*b**2 + 4*b. Give c(q).
3
Let s(h) = -6*h - 25. Let o(k) = k**3 - 14*k**2 + 44*k + 18. Let b be o(8). What is s(b)?
59
Let w(g) = -2*g**2 + 4*g + 6. Let x(s) = -s**2 + 1. Let y(v) = w(v) - x(v). Suppose -45 = -a - 4*a. Suppose a*t = 5*t + 24. Determine y(t).
-7
Let z(g) be the first derivative of -3*g**3 + 4*g**2 - 7*g + 366. Give z(1).
-8
Let g(x) = 60654 - 20*x - 13*x - 60621 + 4*x**2. What is g(7)?
-2
Let n(c) = -3*c + c**2 + 13 - 3*c - 2*c. Let q be (-4)/((-32)/(-3)) + 138/(-16). Let g = 18 + q. Give n(g).
22
Let h(b) = b**2 + 43*b + 444. Let x be h(-19). Let d(t) = 8*t + 99. Determine d(x).
3
Let a be -17 - -26 - (-2 - -5). Let o(y) = 2*y + 0 - 6*y**2 + 1 + 75*y**3 - 76*y**3 + a. Give o(-6).
-5
Let x be 4 + 16/(-6) + (-20)/(-30). Let y(h) = 2*h**3 - 2*h**2 + h + 7. Let q(f) = 2*f**3 - 2*f**2 + 2*f + 8. Let j(a) = 4*q(a) - 5*y(a). Determine j(x).
-5
Let v = 594 - 496. Let j(u) = -u**2 - 8*u + 1. Let g be j(7). Let x = v + g. Let i(s) = s**2 + 6*s - 7. What is i(x)?
-7
Let r(m) = -m**2 + 5*m + 1. Suppose n - 2*b = 12, 5 = -3*n + 5*b + 37. What is r(n)?
5
Suppose -2*h - 5 = -29. Let c(q) = q**2 - 81*q - 2*q**2 + 94*q - 15. Determine c(h).
-3
Let p(z) = 26*z - 1. Let g be (-15)/20 - 3/(-2)*75/(-50). Give p(g).
-79
Let p(l) = -l**2 + 7*l - 10. Let m(d) = -d**2 + 8*d - 10. Let u(i) = 6*m(i) - 7*p(i). Let z(y) = -y**3 - 9*y**2 - 7*y + 8. Let b be z(-8). Calculate u(b).
10
Let m(i) = i - 2. Let x = -184 - -191. Suppose 2*q - y - 13 = 0, -10*y = 2*q - 15*y + x. Give m(q).
7
Let l(h) = h**3 + 48*h**2 - 41*h + 394. Let s be (1/2)/(((-990)/2156)/45). What is l(s)?
2
Let c(d) = 3*d - 19. Let i be (((-50)/20)/5*(-56)/4)/(-1). Give c(i).
-40
Let y(h) = -4 + 4 - h. Let a = -582 + 589. Let n(w) = w**2 - 7*w + 4. Let i be n(a). Calculate y(i).
-4
Let x(r) = r - 3. Let i(w) be the third derivative of w**4/4 - 4*w**3 + 10*w**2 + 10. Let u(v) = 2*i(v) - 15*x(v). Determine u(0).
-3
Let s(f) = f - 1. Let p(x) = x - 8 + 0 + 10*x + 12 - 13. Suppose -3*a - 6 = -3. Let g(c) = a*p(c) + 6*s(c). What is g(2)?
-7
Let q(m) = -m**3 + 3*m**2 + 4*m + 6. Suppose 146*k + 318 = -266. Give q(k).
102
Let i be ((-3)/12)/((-5 + 0)/20). Let r be 3 - ((-1)/1 + i + 3). Suppose r*y - 72 = 12*y. Let h(l) = l**2 + 7*l + 6. What is h(y)?
0
Let q(w) = -100 - 248 + 2*w + 350. Let u(i) = i + 4. Let v be u(-6). Calculate q(v).
-2
Let h(v) = 1 + v + 2*v + 0*v - v**3 + 2*v**2. Let n be (4 - -1) + 0 + -6 + 10. Suppose n*p + 2 - 29 = 0. Calculate h(p).
1
Let h(j) = -j - 3. Let c(p) = 2*p + 9. Let s(k) = 2*k + 10. Let n(y) = 3*c(y) - 2*s(y). Let f = 101 - 99. Let b(g) = f*n(g) + 5*h(g). What is b(5)?
-6
Let n(g) = 23*g**2 - 19*g - 17. Let j(k) = 15*k**2 - 12*k - 11. Let i be (2/(-10))/(48/80)*15. Let x(z) = i*n(z) + 8*j(z). Give x(2).
15
Suppose -5*u + 7 = 4*n, -5*n = 3*u - 27 + 41. Let x(g) = g - 18. Give x(n).
-25
Suppose 4*q - 3111*l + 3110*l = -15, 3*l + 6 = -5*q. Let s(w) = w**3 + 4*w**2 + 10*w + 21. What is s(q)?
0
Let k(r) = -5*r**2 - 9*r - 9546*r**3 - 11 + 19104*r**3 - 9559*r**3. Calculate k(-3).
-2
Let l = 185 - 181. Let z(c) = -744*c + 740*c - l - 2. Determine z(-7).
22
Let l = -423 - -425. Let d(y) = 27 + 3*y**2 - 4*y**2 + l*y - 18 - 10 + 2*y**2. Suppose -g = -0*g - 2*b + 7, 0 = -g - 3*b + 13. What is d(g)?
2
Let s(m) be the third derivative of m**4/24 - m**3/3 + 107*m**2 + 7*m. What is s(3)?
1
Suppose -90*r - 34 - 12 = 44. Let j(a) = 9*a**2 + a + 1. Give j(r).
9
Suppose -4*l + 2 = 26. Let a(f) be the second derivative of -f**6/720 - 11*f**4/6 + 33*f. Let b(u) be the third derivative of a(u). Determine b(l).
6
Let j(p) = -10*p + 12. Let r(i) = -i + 1. Let x(u) = 2*j(u) - 22*r(u). Suppose -35*v + 240*v - 553 = -143. Determine x(v).
6
Let j(g) = g**2 + 8*g - 4. Let c(r) = 2*r - 18. Let f be c(12). Let m be ((-3)/(-6) + -2)*f/(-3). Suppose 2 = -2*s + 3*s - 2*t, m*s = 3*t - 9. What is j(s)?
-4
Let g(o) be the second derivative of o**4/12 - 7*o**3/3 - 17*o**2 + 18*o. Let t be g(16). Let r = t + 8. Let v(y) = y**3 - 5*y**2 - 6*y. What is v(r)?
0
Let v = -103 - -109. Let k be (-2)/(-11) - (516/(-11))/v. Let n(x) = 93*x + 86*x - 180*x - k. Give n(-5).
-3
Let s be (2 + -2)/(-2) - -3. Let h(f) = -3 - 2*f - s + 2 + 10. What is h(-6)?
18
Suppose 14*c + 250 = 24*c. Let a(r) = 41*r - c*r - 6 -